-35 = -3*j + 10. Suppose -2*z - 2 = -a - j, 25 = 5*z + 5*a. Suppose -60 + z = -n. What is the remainder when n is divided by 14?
12
Let m = 111 - 66. Suppose 44 = 4*h + d - 7, 3*h - 4*d - 24 = 0. Calculate the remainder when m is divided by h.
9
Let i(a) = a**2 + 5*a - 3. Let k = 85 - 84. What is the remainder when i(-6) is divided by k?
0
Let r(d) = -2*d**2 + 36*d + 35. What is the remainder when r(15) is divided by 38?
11
Let y = -1 - -6. Suppose 313 = 24*v + 25. What is the remainder when v is divided by y?
2
Let x = -284 - -293. Calculate the remainder when 43 is divided by x.
7
Let u(o) = -o**3 + 4*o**2 - 7*o + 2. Let d be u(5). Suppose -w + 4*k = 1 + 3, 0 = 4*w - 2*k + 2. Let l = w - d. Calculate the remainder when l is divided by 20.
18
Let j = -26 + 14. Let q(v) = v + 12. Let b be q(j). Suppose -2*t + 4*t - 30 = b. What is the remainder when 73 is divided by t?
13
Let n = -522 - -663. What is the remainder when n is divided by 48?
45
Let w be ((-7)/(-1))/((-12)/(-24)). Suppose -5*c + w = -h - 38, -2*h + 17 = c. Calculate the remainder when c is divided by 3.
2
Let u = -9 + 11. Suppose u*f = 3*f. Calculate the remainder when (f + 2)/((-4)/(-16)) is divided by 4.
0
Let q be 3 + (-9)/(-1) + -6. Calculate the remainder when -1*2/(-4)*38 is divided by (6 + -7 + -2)*(-8)/q.
3
Let x = -3 + -5. Calculate the remainder when 26 is divided by (-36)/x - 2/4*-1.
1
Let w = 45 - 39. Suppose -w*k = -3*k - 126. Calculate the remainder when 123 is divided by k.
39
Let w = -398 + 971. Calculate the remainder when w is divided by 18.
15
Suppose 5 = -5*k, -71 = -l - 10*k + 18*k. Let z(a) = -a**3 - a**2 - a - 1. Calculate the remainder when z(-6) is divided by l.
59
Suppose 2*i - 9*j - 22 = -7*j, -4*i + 44 = 5*j. Calculate the remainder when 33 is divided by i.
0
Let j(c) = -c**3 + 3*c**2 - 14*c + 26. Calculate the remainder when 13 is divided by j(2).
1
What is the remainder when ((-1368)/(-190))/(6/100) is divided by (2 - 84)/(-1 - 1)?
38
What is the remainder when 84 is divided by 28 + 14/(-21)*9?
18
Calculate the remainder when 203 is divided by ((-16)/(-5))/((-19)/(-95)).
11
Let c = -44 + 42. Calculate the remainder when 147 + (4 - 3) + c/(-2) is divided by 25.
24
Let b be (12/(-2))/(-6 - -4). Let d be -1 - (b - 1) - 15. Calculate the remainder when 34 is divided by 110/12 - (-3)/d.
7
Suppose 4*i - 12*n - 825 = -11*n, 4*i - 821 = -3*n. What is the remainder when i is divided by 35?
31
Let a(w) = -5*w**2 - 5*w - 5. Let z be a(-2). Let f(l) = -l**3 - 17*l**2 - 38*l - 22. Calculate the remainder when f(z) is divided by 20.
18
Let v(s) = -4*s + 138. Calculate the remainder when v(-5) is divided by 40.
38
Let y be (6/(-7))/((-6)/42). Let v = y - 3. Suppose -2*o + v*o - 5 = 0. What is the remainder when 12 is divided by o?
2
Suppose c - 25 = -5*a, -2*a + 15*c = 12*c - 27. What is the remainder when 699 is divided by a?
3
Suppose -144 = 10*u - 18*u. Suppose -5*i - 4*b = -122 - 86, 4*b + 112 = 3*i. Calculate the remainder when i is divided by u.
4
Suppose -2*n - 23 = -5*w, 2*w - 3 - 3 = 4*n. Suppose w*l = 11 + 24. Suppose -3*g + 10 = 5*j, g + 6 = 4*j - j. Calculate the remainder when l is divided by j.
1
Suppose 0 = -3*f + 2*f - 2, 3*y = 2*f + 52. Calculate the remainder when 1053 is divided by y.
13
Let a be 5/10 - 5/(-2). Suppose 3*j = 2*j - 3*j. Suppose j = 4*w - 2*t - 518, 2*t = -3*w - a*t + 369. Calculate the remainder when w is divided by 26.
24
Suppose 0*s + 180 = -5*s. Let y = 79 + s. Suppose 2*a = 1 + y. Calculate the remainder when 85 is divided by a.
19
Let v(b) be the second derivative of 3/2*b**2 + 0 + 2/3*b**4 + 3/2*b**3 + 2*b + 1/20*b**5. What is the remainder when v(-6) is divided by 6?
3
Suppose -10*h = -4*h - 618. Let g = -12 + 38. Calculate the remainder when h is divided by g.
25
Let g(w) = -9*w**3 + w**2 - 2*w. Let a be g(2). Let u = 103 + a. Calculate the remainder when u is divided by 2/(60/(-33) - -2).
9
Let v(m) = -m**3 - 9*m**2 - 8*m + 21. Let n be v(-5). Let x = n + 46. What is the remainder when x is divided by 3/(-2)*(-8)/3?
3
Suppose -i + 2*h + 1036 = 0, -1281 = -i - 4*h - 257. What is the remainder when i is divided by 94?
92
Suppose -31*t + 40*t - 1215 = 0. Calculate the remainder when t is divided by 5.
0
Let u = 52 - 24. What is the remainder when (-58 + 1 - -3)*12/(-8) is divided by u?
25
Suppose 4*k - 386 + 177 = -5*f, -2*f = -4*k - 78. What is the remainder when 526 is divided by f?
34
Suppose d = -3*g + 7*g - 130, -4*g - 3*d + 122 = 0. Suppose 13*f - 21*f - 2370 = -23*f. Calculate the remainder when f is divided by g.
30
Suppose -j - 3*d = -2, 6 - 4 = 2*d. Calculate the remainder when 47 is divided by (-19 + -6)/(j/1).
22
Let m(i) = i**3 + 8*i**2 - 6*i - 14. What is the remainder when m(-8) is divided by 9?
7
Let u(n) = -14*n + 113. Calculate the remainder when 288 is divided by u(3).
4
Let i = 603 - 226. What is the remainder when i is divided by 10?
7
What is the remainder when 366 is divided by (45/12)/(36/1728)?
6
Suppose u = -3*u + 4. Let j = -34 - -34. Suppose j*a = 5*a + 2*k - 13, 5*k - 20 = 0. What is the remainder when a is divided by u?
0
What is the remainder when 6/(-2) + 0 + (-988)/(-19) is divided by 18?
13
Let q = 11 + -7. Let b(s) = -3*s - 24. Let c(r) = -1. Let k(t) = b(t) + 4*c(t). Calculate the remainder when k(-14) is divided by q.
2
Suppose 16*c - 64 = 14*c. Suppose 0 = 3*g + 4*f - c, f - 7 = -3*g + 2*f. Calculate the remainder when g is divided by 1.
0
Let t = 71 - 34. Let f be 3 - (4/4 + -2). Suppose -g + 54 = 3*m, m - 6*m = f*g - 83. Calculate the remainder when t is divided by m.
18
Let g be (-10)/25 + (102/(-10))/(-3). Suppose -2*u + 44 = -g*s, -5*s + 28 = 2*u - 0*s. What is the remainder when 72 is divided by u?
15
Suppose 112 = 66*t - 58*t. What is the remainder when 66 is divided by t?
10
Let j = 321 - 305. Calculate the remainder when 134 is divided by j.
6
Suppose 6*q - 679 + 133 = 0. What is the remainder when 175 is divided by q?
84
Let y = -1 - -4. Let a(u) = 2*u. Let h be a(-6). Calculate the remainder when y/h + (-580)/(-16) is divided by 13.
10
Let b be 3/(-21) - (4 + 274/(-7)). Suppose -b = -q - 6. Calculate the remainder when 85 is divided by q.
27
What is the remainder when -5*((-530)/25 - 9) is divided by 10?
1
Suppose 2*l = 4*z + 8 + 16, -3*l - 4*z = -46. Calculate the remainder when 528 is divided by l.
10
Suppose z + 12 = 4*y, 4*y + 3*z = -0*y - 4. Suppose d + 90 = -y*d. Let l = 42 + d. Calculate the remainder when 46 is divided by l.
10
Let x(y) = y**3 + 10*y**2 + 12*y - 30. What is the remainder when 262 is divided by x(-7)?
31
Suppose 4*f = -57 + 281. Calculate the remainder when 222 is divided by f.
54
Suppose 74 = 3*k + 2*i, 4*k = 5*i + 105 + 9. Calculate the remainder when k is divided by 12.
2
Let p(i) = 284*i - 126. What is the remainder when p(2) is divided by 25?
17
Let y = -3 - -7. Let c = 82 + -48. Suppose 2*f + 0*k = 4*k + c, -4*f = -k - 47. Calculate the remainder when f is divided by y.
3
Suppose -4*b = -3*b - 7. Suppose -5*n = -3*x - 40, -5*n + n = 5*x - 69. Calculate the remainder when n is divided by b.
4
Suppose -5*m + 6 = 71. Let s = m + 15. Calculate the remainder when 6 is divided by s.
0
Suppose y - 3*m - 2 = 4, -10 = -4*y + 5*m. Suppose -11*l + 7*l + 20 = y. Calculate the remainder when 11 is divided by l.
1
Let r = 19 - 12. Let m(n) = n**2 + 11*n + 1. Let x be m(-11). What is the remainder when ((-156)/(-91))/(x/7) is divided by r?
5
Let z = -2 + 24. Suppose 4*p = k + 261, k = 5*p - 4*k - 330. Calculate the remainder when p is divided by z.
21
Suppose 2*g - 3*g + 3 = 0. Suppose -z = -1, g*z - 4*z = 3*q - 28. Calculate the remainder when 26 is divided by q.
8
Suppose 2*i + 2*i - 20 = 0. Suppose 5*z + 5*t + 290 = 0, -i*z - 5*t + t = 285. Let k = 100 + z. Calculate the remainder when k is divided by 17.
13
Suppose 0 = 4*x - 4, 5*q - 2*x - 3*x = 375. Suppose 0 = o - 3*o + q. Calculate the remainder when o is divided by 21.
17
What is the remainder when ((-5)/(-1) - (-23 - -29)) + 221 is divided by 17?
16
Let d = 45 + -19. Calculate the remainder when 77 is divided by d.
25
Let y(f) = 2*f + 76. Calculate the remainder when 528 is divided by y(-19).
34
Suppose -5*j = -15, -238 = 4*g + j + 123. Let c = -43 - g. What is the remainder when c is divided by 17?